12.
12
Let z(x) = 4*x + 106. Let m be z(-4). Let l(a) = 2*a**2 + 17*a - 24. Let t be l(8). What is the highest common divisor of m and t?
30
Let m = 7869 - 7572. Calculate the highest common factor of 264 and m.
33
Suppose 39692 + 32911 - 8297 = 37*d. What is the greatest common divisor of 55 and d?
11
Suppose 19*r + 14*r + 15*r - 1680 = 0. Calculate the greatest common factor of 637 and r.
7
Suppose 7*y = 3*y + 20. Suppose 3*k - 12 = -6. Suppose 3*z - k*z = y*w + 65, -3*z + 4*w = -173. Calculate the highest common divisor of z and 165.
55
Let o be 3*(-244)/72*-12. Calculate the greatest common factor of o and 5734.
122
Let m(t) = 9*t + 124. Let r(g) = -19*g - 247. Let b(a) = 9*m(a) + 4*r(a). Let c be b(-23). What is the highest common factor of 39 and c?
13
Let h(u) = u**3 - 65*u**2 + 181*u + 318. Let s be h(62). Suppose -4*k - 34 = -5*n - 109, 3*k = 5*n + 55. Calculate the highest common factor of s and k.
4
Suppose -5*v + 9837 = 2*u - 15290, -2*u - 2*v + 25130 = 0. What is the greatest common divisor of 1030 and u?
206
Suppose -3809 = -3*n + 4*c - 1347, 2*n - 1647 = -3*c. What is the greatest common factor of n and 274?
274
Suppose 3*r + 2*u - 91 = 101, 333 = 5*r - u. Let y(j) = -1 + 11*j + 28 - 8*j. Let z be y(-7). Calculate the greatest common factor of r and z.
6
Suppose 4*h - 2*y - 934 = 374, 4*h = 4*y + 1316. Calculate the greatest common factor of h and 200.
25
Suppose -4*c + 76 = 5*p, 5*p - 166 + 146 = 0. What is the highest common divisor of 10689 and c?
7
Let i be 1*(-202 - 4)/(-2). Let k = 69 - i. Let f = k - -60. What is the greatest common divisor of f and 39?
13
Let o be (-144 - -116)*(-70)/8. Calculate the highest common divisor of 10 and o.
5
Let i be 1/4 - (-143)/4. Let w = -31 + 34. Suppose -w*m + 162 = -2*g, -5*g - 270 = -4*m - m. What is the highest common divisor of i and m?
18
Let c = -73 + 90. Let t = -775 + 1150. Suppose 2*w + 137 = t. Calculate the highest common factor of c and w.
17
Suppose 185 = 2*y - 12*m + 11*m, 4*y + 3*m = 395. Suppose y*s - 94*s - 102 = 0. Calculate the greatest common factor of 18 and s.
6
Suppose 2*m - 6623*x = -6626*x + 20025, -m + 10016 = 2*x. What is the greatest common factor of m and 6?
6
Let w be 8*(21/49 - (-29)/14). Let z(p) = -4*p**3 - p**2 - p. Let q be z(-1). Suppose 3*o + w = q*o. Calculate the greatest common factor of o and 20.
20
Suppose 2*q = 3*t - 300, 1217*q - 1213*q = 3*t - 312. Calculate the greatest common divisor of 7104 and t.
96
Let z = -2607 - -2637. Calculate the highest common divisor of z and 120.
30
Suppose 8*x - 4*x - 2096 = 0. Suppose -44*r + x + 796 = 0. What is the greatest common divisor of 60 and r?
30
Suppose 0 = 106*g - 1093575 - 531405. Calculate the greatest common factor of g and 210.
210
Let p be (87/(-27) - -3) + (-865)/(-45). Let h = -3721 - -3930. Calculate the greatest common factor of p and h.
19
Let m = 961 - 1748. Let d = m + 794. Suppose 3*u + 2*u - 5 = 0. Calculate the greatest common divisor of u and d.
1
Let w(v) = -18*v - 6. Let l be w(-1). Suppose l*x = 6*x + 108. Let p be -1 + -1 - (0 - 56). What is the highest common factor of x and p?
18
Suppose 93*o - 72*o = 1155. Suppose 5 = -s, -3*j + 31*s + 1300 = 35*s. What is the highest common factor of j and o?
55
Let f(d) = -36*d**2 - 788*d - 45. Let i be f(-17). What is the greatest common factor of 42 and i?
7
Suppose 73*w - 281 - 157 = 0. Let j(z) = z**2 - 2*z + 3. Let m be j(2). Suppose w*l - m*l - 99 = 0. Calculate the highest common divisor of 3 and l.
3
Let s(f) = -2*f**3 + 46*f**2 - 31*f - 118. Let o be s(22). What is the highest common factor of 686 and o?
14
Let n be ((-28)/16 + 4)*(-616)/(-77). Calculate the highest common factor of n and 984.
6
Let k = 394 + -184. Let u(s) = s**3 + 12*s**2 - 65*s + 2. Let q be u(-16). Suppose 270 = -q*p + 27*p. Calculate the greatest common factor of k and p.
30
Suppose w + 32 = 2*w. Suppose 0 = -3*j + 20*c - 19*c + 27, -j - 5*c - 7 = 0. What is the greatest common divisor of w and j?
8
Let f = -6448 - -7264. Calculate the greatest common divisor of 144 and f.
48
Suppose 2*g = -4*v + 1966, 0*v + 4*g = -2*v + 968. Let s = -482 + v. Calculate the greatest common divisor of s and 18.
6
Suppose -23 = -5*q + 87. Let i(f) = -f**3 + 22*f**2 + f - 18. Let t be i(q). Calculate the highest common factor of 16 and t.
4
Let l(q) = 11*q - 7. Let v be l(4). Suppose 0 = -b + v + 3. Suppose -2*s - 2*z - 3 + 5 = 0, -4*s = z - 16. Calculate the greatest common factor of s and b.
5
Let q be 2*1 - (-16)/(-8). Suppose 0 = -q*k + 2*k - 2. Let n be 79 - -2 - (3 + k). What is the highest common factor of n and 11?
11
Suppose 10*t - 758 + 338 = 0. Let p = -173 + 313. Calculate the highest common factor of t and p.
14
Suppose 6*k + 4*k = -100. Let z be (-985)/(-25) + (-6)/k. Calculate the greatest common divisor of 280 and z.
40
Suppose -n + 709 = -4*m, 42*m - 1430 = -2*n + 38*m. Calculate the highest common factor of 62 and n.
31
Let z = 6646 + -6636. Calculate the highest common divisor of z and 1210.
10
Suppose -1085 = -5*u - 5*d, 20*u - 3*d = 15*u + 1085. What is the greatest common divisor of 713 and u?
31
Suppose -11*v - 1112 - 1308 = 0. Let k = -176 - v. What is the highest common divisor of k and 33?
11
Suppose 2*m - 8 = -0*m. Suppose m*p - 19 - 37 = 0. Let t(a) = 29*a**2 + 52*a + 2. Let f be t(-2). Calculate the greatest common factor of f and p.
14
Let r(p) = p + 6. Let v be r(7). Suppose 0 = -w + v*w - 756. Let u = 5 + 2. What is the highest common factor of u and w?
7
Let l(a) = 85*a + 667. Let s be l(-7). Calculate the highest common divisor of s and 3402.
18
Suppose 2*i = -3*i + 5*q + 105, i - 5*q = 33. Suppose -82*v + i = -76*v. What is the greatest common factor of 8 and v?
1
Let v be ((-5281830)/145)/(-6) + 28/(-406). Calculate the greatest common divisor of v and 39.
13
Suppose -4*q - 44 = 7*q. Let g be q/(-3)*(0 - -3). Suppose g*z - 173 = 55. What is the highest common divisor of z and 19?
19
Suppose 19*p - 284 - 248 = 0. Calculate the highest common divisor of p and 4032.
28
Suppose 0 = -0*r - 3*r - 27, 2*j - 2967 = 5*r. Calculate the greatest common divisor of 3 and j.
3
Let j be (-2)/2*(204/(-4) - -5). Let h = 15 - -56. Let n = h + -48. What is the greatest common factor of n and j?
23
Suppose 3*m + 6 = -6, -4*s - 4*m - 20 = 0. Let c be 54*(-1)/(-2) - s. Calculate the greatest common divisor of 28 and c.
28
Let v(w) = 42*w + 72. Let m be v(-1). Calculate the highest common divisor of m and 128.
2
Let c(u) = -u**3 - 8*u**2 - 8*u + 3. Let o be c(-6). Let n = o + 15. Let y be n*6*(-2)/9. What is the greatest common factor of y and 32?
8
Suppose -3*z + 21 = -3*l, 0 = z + 3*l + 2 - 5. Let o(t) = 4*t - 57. Let c be o(23). Suppose -31*w + c*w = 60. What is the highest common divisor of w and z?
3
Suppose 38760 = 321*x - 264*x. What is the greatest common divisor of x and 80?
40
Let l(o) = o**3 - 4*o**2 + 4*o + 8. Let h be l(6). Suppose -53*p - 4264 + 5112 = 0. What is the highest common divisor of p and h?
8
Suppose -3*n - 2*g + 88 = 0, 85 = 3*n + 239*g - 234*g. Suppose 4*v = v + 60. Calculate the greatest common divisor of v and n.
10
Let l be 2 + -3 + (170 - 1). Let j = -269 - -271. Suppose 4*k - j*y + l = 7*k, -5*k + 276 = 2*y. Calculate the greatest common factor of k and 36.
18
Let k(o) = 2*o**3 - 47*o**2 - 78*o + 283. Let x be k(25). What is the greatest common factor of 962 and x?
26
Let h be (308 - -58)*(-78)/(-9). What is the highest common factor of h and 676?
52
Suppose -11*k + 1670 = -9*k + d, 12 = 3*d. Let n = 1479 - k. Calculate the greatest common factor of 38 and n.
38
Let g(m) = -3*m**2 + 67*m + 450. Let p be g(17). What is the highest common factor of p and 969?
19
Suppose 1056 = 3*m + 13*m. Let r be (67 - m)*(2 + (1 - 1)). Let k be 176 + (4 - (5 + -3))*r. Calculate the highest common factor of k and 36.
36
Suppose 130*w - 18 = 128*w. Suppose w = 4*v - v. What is the highest common divisor of 3 and v?
3
Let b(o) = -4*o - 2. Let q = -6 - -4. Let t be b(q). Let y(j) = 8*j + 28. Let x be y(4). What is the highest common factor of x and t?
6
Let d be 3/(-12) + 0 + 1851/12. Let g = 159 - d. Calculate the highest common factor of g and 2.
1
Suppose -15*y - 237 = -18*y. Let b = 91 - y. Let r(n) = -n**3 - n**2 + 5*n + 3. Let q be r(-3). Calcula